 = -37*c - 26. Let g(h) = -159*h - 105. Let q(l) = -26*b(l) + 6*g(l). What is q(-6)?
-2
Let p be 1 - (-2 + 5) - -11. Suppose -4*k = -p*k. Let t(b) be the second derivative of b**4/12 + b**3/6 + b**2 + 41*b. Calculate t(k).
2
Suppose -3*w - 22 + 7 = 0. Let n(x) = -3*x**3 + 9*x**2 - 5*x + 1. Let m(t) = 8*t**3 - 26*t**2 + 14*t - 4. Let l(j) = -4*m(j) - 11*n(j). Determine l(w).
10
Let q(z) be the first derivative of z**4/4 + z**3/3 - 3*z**2/2 - z - 378. Determine q(2).
5
Let m(c) = -c**2 + 5*c - 9. Let a(v) = -3*v**2 + 11*v - 20. Let z(l) = -4*a(l) + 9*m(l). Give z(1).
3
Let u(n) be the third derivative of n**4/24 + n**3/6 + 2*n**2. Suppose 27 = q - 5*x, -5*q - 5 = 4*x - x. Let r = -2 - q. Determine u(r).
-3
Suppose -12 = -2*w - 0*w. Suppose 0 = -o + 9 - 7. Let c(j) = 5 - 2*j**2 - 4*j**o - 15*j**3 - j + 16*j**3. Give c(w).
-1
Let y(l) be the second derivative of -l**5/120 - l**4/24 + 11*l**3/6 - 23*l. Let n(k) be the second derivative of y(k). Give n(-5).
4
Let b(j) = j**3 - 20*j**2 + 7*j - 13. Let y(s) = 2*s**3 - 38*s**2 + 15*s - 26. Let v(g) = -11*b(g) + 6*y(g). Calculate v(6).
-7
Let c(l) = 10*l - 58. Let q(o) = -3*o + 19. Let r(t) = 5*c(t) + 16*q(t). Calculate r(-9).
-4
Suppose 4*u - 20 = 0, -5*s - 2*u - 35 = -120. Suppose -4*b = p - s, 9 = 4*p - 3. Let g(m) = 5*m**2 + 2*m - m**3 - 6 + m + b*m + 3. Calculate g(6).
-3
Suppose 7*k - 11 = -32. Let a(w) = -w + 1 - 6 + 4. Give a(k).
2
Suppose 19*x - 16*x = -2*s + 9, 2*x + 5 = -5*s. Let n(z) = 2 + 2 + 3*z + z**2 - 2. What is n(s)?
2
Let b(u) be the second derivative of -u**4/12 + 5*u**3/6 - u**2/2 + 686*u. Let h = 5 + -2. Calculate b(h).
5
Let p(l) = 8*l + 17. Let t(c) = -c - 1. Let r(a) = -p(a) - 6*t(a). Give r(-6).
1
Let b(u) = u**3 - 7*u**2 + 5*u - 5. Suppose -2*c - 1 = -5*o - 7, -5*o + 42 = 4*c. Let t be (4 + c/1)/(1 - -1). What is b(t)?
-11
Let j be (2/16)/((-26)/(-104)). Let r(f) be the second derivative of 0 - j*f**2 + 2/3*f**3 + 1/12*f**4 - 2*f. Calculate r(-6).
11
Let s = 672 + -669. Let d(a) = a**2 - 3*a. Give d(s).
0
Let p = 337 - 343. Let g(x) = x + 15. What is g(p)?
9
Let z(h) = h**2 - 7*h - 5. Suppose -2*s - 49 = -4*l + s, -3*s - 59 = -5*l. Determine z(l).
25
Let h(j) = 36 - 9 - 8 - 3*j. Calculate h(7).
-2
Suppose 20*z - 66 = 54. Let v(u) = 4*u + 2. Let b(i) = -3*i - 1. Let c(n) = -6*b(n) - 5*v(n). Calculate c(z).
-16
Let a(g) = g**3 - 7*g**2 + 3. Let h(t) = 166*t - 325. Let u be h(2). Give a(u).
3
Let q(p) = p**2 + p - 3. Let j(a) = -a**3 - 15*a**2 + 35*a + 12. Let h be 201/(-12) - 4/16. Let s be j(h). What is q(s)?
17
Let o(g) = -g**2 + 25*g - 68. Let q be o(22). Let v(a) = 2*a**3 + 3*a**2 + 2*a + 1. Give v(q).
-7
Let b(t) = -t. Let r be 2*2/4 - -1. Let h be (-15)/(270/12)*3/(-2). Let q(j) = -j**2. Let p(m) = h*q(m) + r*b(m). Give p(2).
-8
Let j(x) = -x**3 - 4*x**2 + 2*x + 6. Let o be j(-4). Let u(l) = -l**2 + 3. Calculate u(o).
-1
Let w(k) be the first derivative of k**3/3 + 13*k**2/2 - 6*k - 648. Give w(-14).
8
Let s(x) = 2*x**3 + 4*x**2 + 3*x + 9. Let p(n) = n**3 + 2*n**2 + n + 4. Let g(t) = -5*p(t) + 2*s(t). Let o = 73 - 76. Give g(o).
4
Let t(y) = -2*y - 25. Let b = -1179 + 1164. Calculate t(b).
5
Let y(l) = l**2 + 10*l - 7. Let i be -1 - (6 + (0 - (-3)/1)). Give y(i).
-7
Let n = 827 + -829. Let v(m) = -8*m - 1. Determine v(n).
15
Let x = 7 - 7. Suppose -l - 1 = x, 37 + 0 = 3*r + 5*l. Let z be 2/(-4) + r/(-4). Let k(n) = 4*n + 5. Give k(z).
-11
Let j = 42 + -48. Let o(r) = -r**3 - 6*r**2 + 6. Calculate o(j).
6
Suppose -i - 2 = 0, -4*f + 0*i - 5*i = 30. Let y(o) be the third derivative of o**5/60 + 5*o**4/24 - 2*o**3/3 - 1374*o**2. Determine y(f).
-4
Let u(o) = -8*o + 2286 - o - 2287. What is u(5)?
-46
Let n(z) = 2*z - 4. Let o be n(3). Let k be 2 + (-2)/(o + -3). Let f(c) = 6*c**2 + 2*c + 3*c**2 - c**3 - k*c**2 - 7 + 0*c**2. Calculate f(5).
3
Let x(a) be the second derivative of a**5/20 + a**4/3 - 2*a**3/3 + a**2/2 - 2*a + 38. Determine x(-5).
-4
Let p = -4 - -39. Let d = -38 + p. Let k(o) = -2*o**2 - 2*o + 3. What is k(d)?
-9
Let w(a) = a**3 - 11*a**2 - 12*a + 9. Suppose 2*p = -4*t + 42, -3*t + 48 = -4*p - 0*p. Give w(t).
9
Let z(r) = 173 - 9*r - 504 + 168 + r**2 + 171. What is z(8)?
0
Let v = 14 + -20. Let k = 11 + v. Let t(b) = 5*b**2 + k*b - 5*b**2 - b**2 - 4. Determine t(4).
0
Let q(g) = -g**2 + 10*g + 8. Let f(v) = -v**3 - 7*v**2 - 8*v - 8. Let h be f(-6). Let a be 77/28*1*h - 1. Calculate q(a).
8
Let p = -39 - -44. Let w(m) = -7 + 2 + 0 + 2*m + 2. Calculate w(p).
7
Let g(z) = 6*z**3 - 20*z**2 - 15*z - 16. Let v(r) = -r**3 + 4*r**2 + 3*r + 3. Let h(m) = -2*g(m) - 11*v(m). What is h(-4)?
11
Suppose 0*j = -j + 2*z + 5, -2*z = 6. Let w(h) = -30*h + 1. Calculate w(j).
31
Let f(y) = 9*y**3 - 7*y**2 + 3*y + 1. Let b(d) = 10*d**3 - 9*d**2 + 4*d + 1. Let x(n) = -3*b(n) + 4*f(n). Suppose 0 = 5*p - 3 - 7. Let c = -3 + p. What is x(c)?
-6
Let b(g) = g**2 + 1 + g + 2 + 7*g. Let i be b(-8). Let r(s) = -2*s**2 + 3*s + 4. Determine r(i).
-5
Suppose -o + 2 = 0, 5*o = -3*c + 12 + 13. Let v = 7 - c. Let u(p) = -2 - 4 + v*p + 15. Calculate u(-6).
-3
Let p(u) = -3*u**2 - 3*u - 1. Suppose -19*g - 125 = -68. Give p(g).
-19
Let b(k) = -4*k + 9. Suppose 2*w - 2*p + 4 = 0, p = 22 - 17. What is b(w)?
-3
Let k(y) = 2*y - 32. Let c be (-3)/((-45)/(-525))*(-3)/7. Calculate k(c).
-2
Suppose -3*x = 25 - 4. Let h(l) = 4*l**3 - 14*l**2 - l + 14. Let k(w) = -w**3 + 5*w**2 - 5. Let c(u) = -2*h(u) - 7*k(u). What is c(x)?
-7
Suppose 37*r + 60 = 7*r. Let v(o) = -2*o**3 - o**2 + 2*o. Determine v(r).
8
Let b(t) be the third derivative of t**6/60 + t**5/15 + t**4/8 + 7*t**2 + 14. Give b(-3).
-27
Suppose 0 = -t - g + 3 + 5, -4*t + 5*g = -41. Let b(i) = i - 9. Determine b(t).
0
Let l(g) = -2*g**3 + 4*g**2 - 2*g + 7. Let x be l(3). Let t(r) = -3*r**2 - 38*r + 5. Let j(v) = -v**2 - 13*v + 2. Let d(n) = x*j(n) + 6*t(n). Determine d(-4).
8
Let q(n) = 3*n - 28. Suppose 3*p - 4 = k - 8, 0 = -4*k + 4*p + 32. Determine q(k).
2
Suppose 17*k = 24 + 10. Let a(y) = 2*y**3 - 2*y**2 - 6*y + 1. Let v(j) = -j. Let x(r) = a(r) - 4*v(r). Determine x(k).
5
Let f(m) = -m**2 + 9*m + 1. Suppose -15*x = 14*x - 261. Give f(x).
1
Let z(s) = -5*s + 2*s - 4 + 3 - 4*s**3 + 4*s. Let r = 570 - 569. Determine z(r).
-4
Suppose -5*z = -x + 6, -4*z + 1 = -2*x + 7*x. Let t be z/(3*6/(-36)). Let y(r) = 0*r**2 + 0*r + 2*r - 2 + 2*r**2. Give y(t).
10
Let n(s) = s**2 + 4*s - 2. Let d be n(-5). Let q(x) = 2*x - 2. Let f be q(d). Let h(i) be the first derivative of -i**2/2 + 7*i - 1. Give h(f).
3
Let u(m) = m**2 - 7*m + 14. Let n be u(4). Let k(g) = 3*g + 3*g**3 - 2*g**n - 2*g**3 - 6 + 4*g**2 - 8*g**2. Calculate k(5).
-16
Suppose 15 = -5*f + 2*k, 2*k + 0*k = 0. Let a(z) = z**3 + 2*z**2 - 3*z - 3. Determine a(f).
-3
Let h(s) = 4 - 3*s + 3 + 2 - 2 - 4. Let x(v) = v + 12. Let d be x(-8). Give h(d).
-9
Let h(o) = 3*o**3 + 2*o - 1. Let k(z) = -z**3 - 11*z**2 + 43*z + 16. Let i be k(-14). Determine h(i).
27
Let r be (3 - 76/8)*-56. Let f(n) = -4*n + r - 364 + n. Calculate f(-1).
3
Let c(p) = -2*p. Let q be ((-10)/6)/(3/9). Let k be c(q). Let x be (k/1)/(12/6). Let z(o) = o**3 - 6*o**2 + 5*o - 2. What is z(x)?
-2
Let p(i) = -i**2 + 61*i + 59. Let g be p(62). Let a(s) = s**3 + 2*s**2 + 3*s. Determine a(g).
-18
Let b(j) be the first derivative of 15*j**2/2 - j + 108. Determine b(-1).
-16
Let v(q) = -q**2 - 12*q - 7. Suppose -3*m + 2*m = -3. Let u be m/12 + 98/(-8). Let k be v(u). Let o(j) = 2*j + 6. Calculate o(k).
-8
Let h = -2 - 0. Let r(m) be the third derivative of -m**5/15 - m**4/12 - m**3/6 - m**2 + 136*m. Determine r(h).
-13
Let q(k) be the third derivative of k**8/6720 - k**7/504 - 7*k**6/720 - k**5/24 - 17*k**4/24 + 5*k**2. Let i(v) be the second derivative of q(v). Give i(6).
-11
Suppose -70 = 35*u - 35. Let k(o) = 25*o**3 + 2*o**2 - 1. Determine k(u).
-24
Suppose 4*x + 24 + 2 = p, 26 = -5*x - 2*p. Let o(t) = -t**3 - 7*t**2 - 5*t - 2. Calculate o(x).
-8
Suppose 5*l + 4*o = -0*o + 62, 5*l + o - 53 = 0. Let f(b) = -2 - l*b**3 + 11*b**3 - b - 1 - 4*b**2. Suppose -7 = -n - 3. What is f(n)?
-7
Let d(b) = b**2 + 10*b - 6. Let p be d(-11). Suppose 8 = 3*f - 0*f + 2*l, -4*f + p*l = -49. Let a(t) = t**2 - 6*t + 9. What is a(f)?
9
Let v(d) = -d**2 + 6*d + 6. Let h be v(6). Let p(q) be the third derivative of 0*q - 4/3*q**3 + 25*q**2 + 0 + 1/12*q**4. Determine